22.
8
Calculate the remainder when 2742 is divided by 14.
12
Calculate the remainder when 174 is divided by 38.
22
Calculate the remainder when 161 is divided by 47.
20
What is the remainder when 156 is divided by 23?
18
What is the remainder when 262 is divided by 4?
2
Calculate the remainder when 16 is divided by 10.
6
What is the remainder when 987 is divided by 300?
87
What is the remainder when 113 is divided by 39?
35
What is the remainder when 147 is divided by 50?
47
What is the remainder when 49 is divided by 10?
9
Calculate the remainder when 33 is divided by 24.
9
Calculate the remainder when 7 is divided by 3.
1
Calculate the remainder when 848 is divided by 10.
8
Calculate the remainder when 4534 is divided by 77.
68
Calculate the remainder when 457 is divided by 18.
7
What is the remainder when 48 is divided by 34?
14
What is the remainder when 24945 is divided by 61?
57
What is the remainder when 419 is divided by 21?
20
Calculate the remainder when 1211 is divided by 27.
23
Calculate the remainder when 1357 is divided by 62.
55
What is the remainder when 486 is divided by 136?
78
Calculate the remainder when 1593 is divided by 38.
35
Calculate the remainder when 458 is divided by 74.
14
Calculate the remainder when 404 is divided by 30.
14
What is the remainder when 577 is divided by 53?
47
Calculate the remainder when 397 is divided by 91.
33
Calculate the remainder when 125 is divided by 32.
29
What is the remainder when 111 is divided by 13?
7
Calculate the remainder when 363 is divided by 13.
12
What is the remainder when 3868 is divided by 7?
4
Calculate the remainder when 158 is divided by 53.
52
What is the remainder when 1396 is divided by 1367?
29
What is the remainder when 164 is divided by 84?
80
Calculate the remainder when 105 is divided by 30.
15
What is the remainder when 109 is divided by 14?
11
What is the remainder when 1817 is divided by 14?
11
What is the remainder when 25828 is divided by 10?
8
What is the remainder when 3919 is divided by 18?
13
Calculate the remainder when 373 is divided by 52.
9
What is the remainder when 143 is divided by 29?
27
What is the remainder when 1212 is divided by 241?
7
What is the remainder when 3974 is divided by 33?
14
What is the remainder when 146 is divided by 115?
31
Calculate the remainder when 217 is divided by 19.
8
Calculate the remainder when 41 is divided by 3.
2
Calculate the remainder when 39 is divided by 2.
1
Calculate the remainder when 75 is divided by 44.
31
Calculate the remainder when 562 is divided by 59.
31
Calculate the remainder when 786 is divided by 111.
9
What is the remainder when 429 is divided by 27?
24
Calculate the remainder when 477 is divided by 15.
12
What is the remainder when 1142 is divided by 168?
134
Calculate the remainder when 102 is divided by 15.
12
Calculate the remainder when 533 is divided by 27.
20
What is the remainder when 158 is divided by 16?
14
What is the remainder when 13962 is divided by 35?
32
What is the remainder when 86 is divided by 57?
29
Calculate the remainder when 80 is divided by 30.
20
Calculate the remainder when 417 is divided by 146.
125
Calculate the remainder when 218 is divided by 12.
2
What is the remainder when 1279 is divided by 80?
79
What is the remainder when 250 is divided by 127?
123
What is the remainder when 795 is divided by 35?
25
Calculate the remainder when 1952 is divided by 20.
12
Calculate the remainder when 38 is divided by 5.
3
Calculate the remainder when 90 is divided by 16.
10
Calculate the remainder when 592 is divided by 95.
22
What is the remainder when 459 is divided by 39?
30
Calculate the remainder when 62343 is divided by 6.
3
What is the remainder when 39 is divided by 18?
3
What is the remainder when 1010 is divided by 203?
198
Calculate the remainder when 429 is divided by 48.
45
What is the remainder when 203 is divided by 26?
21
What is the remainder when 485 is divided by 152?
29
What is the remainder when 5028 is divided by 117?
114
What is the remainder when 394 is divided by 79?
78
What is the remainder when 5747 is divided by 2867?
13
What is the remainder when 509 is divided by 132?
113
What is the remainder when 156 is divided by 81?
75
Calculate the remainder when 826 is divided by 52.
46
What is the remainder when 7564 is divided by 37?
16
What is the remainder when 198 is divided by 68?
62
Calculate the remainder when 736 is divided by 181.
12
Calculate the remainder when 364 is divided by 40.
4
What is the remainder when 1026 is divided by 13?
12
Calculate the remainder when 867 is divided by 58.
55
What is the remainder when 85 is divided by 22?
19
Calculate the remainder when 176 is divided by 59.
58
Calculate the remainder when 54 is divided by 27.
0
What is the remainder when 754 is divided by 109?
100
What is the remainder when 4456 is divided by 49?
46
Calculate the remainder when 194 is divided by 25.
19
What is the remainder when 1898 is divided by 19?
17
Calculate the remainder when 79 is divided by 11.
2
What is the remainder when 1460 is divided by 478?
26
Calculate the remainder when 200 is divided by 27.
11
Calculate the remainder when 155 is divided by 52.
51
Calculate the remainder when 4600 is divided by 107.
106
Calculate the remainder when 203 is divided by 12.
11
What is the remainder when 1463 is divided by 12?
11
Calculate the remainder when 454 is divided by 148.
10
Calculate the remainder when 938 is divided by 47.
45
What is the remainder when 481 is divided by 158?
7
Calculate the remainder when 198 is divided by 39.
3
What is the remainder when 919 is divided by 116?
107
What is the remainder when 1052 is divided by 45?
17
What is the remainder when 866 is divided by 299?
268
What is the remainder when 101 is divided by 36?
29
What is the remainder when 125 is divided by 37?
14
Calculate the remainder when 237 is divided by 69.
30
What is the remainder when 123 is divided by 25?
23
What is the remainder when 181 is divided by 38?
29
What is the remainder when 665 is divided by 53?
29
What is the remainder when 10360 is divided by 15?
10
What is the remainder when 369 is divided by 80?
49
Calculate the remainder when 159 is divided by 10.
9
Calculate the remainder when 91 is divided by 53.
38
What is the remainder when 212 is divided by 49?
16
Calculate the remainder when 381 is divided by 24.
21
What is the remainder when 357 is divided by 119?
0
What is the remainder when 221 is divided by 8?
5
Calculate the remainder when 283 is divided by 32.
27
What is the remainder when 246 is divided by 82?
0
What is the remainder when 1103 is divided by 546?
11
What is the remainder when 1285 is divided by 118?
105
Calculate the remainder when 2025 is divided by 1.
0
Calculate the remainder when 522 is divided by 512.
10
Calculate the remainder when 179 is divided by 36.
35
Calculate the remainder when 191 is divided by 48.
47
What is the remainder when 145 is divided by 7?
5
What is the remainder when 50725 is divided by 37?
35
What is the remainder when 519 is divided by 165?
24
What is the remainder when 333 is divided by 113?
107
What is the remainder when 1811 is divided by 166?
151
What is the remainder when 692 is divided by 85?
12
Calculate the remainder when 278 is divided by 114.
50
Calculate the remainder when 126 is divided by 59.
8
What is the remainder when 144 is divided by 32?
16
Calculate the remainder when 282 is divided by 14.
2
What is the remainder when 178 is divided by 61?
56
Calculate the remainder when 1032 is divided by 5.
2
What is the remainder when 3882 is divided by 21?
18
Calculate the remainder when 108 is divided by 56.
52
What is the remainder when 85 is divided by 11?
8
What is the remainder when 189 is divided by 96?
93
Calculate the remainder when 2942 is divided by 976.
14
Calculate the remainder when 1476 is divided by 10.
6
What is the remainder when 582 is divided by 13?
10
What is the remainder when 4649 is divided by 1544?
17
Calculate the remainder when 286 is divided by 24.
22
What is the remainder when 527 is divided by 24?
23
Calculate the remainder when 233 is divided by 99.
35
Calculate the remainder when 683 is divided by 16.
11
What is the remainder when 178 is divided by 63?
52
Calculat